-9
Let l(u) = 96*u - 109. Calculate l(13).
1139
Let f(a) = 977*a - 5981. What is f(6)?
-119
Let a(b) = -251*b**2 - 28603*b + 1126. Determine a(-114).
-128
Let v(k) = -2*k**3 - 271*k**2 + 140*k + 885. Determine v(-136).
341
Let h(u) = u**3 - 37*u**2 - 2407*u + 67670. What is h(25)?
-5
Let f(m) = 688*m + 179877. Give f(-262).
-379
Let b(u) = -2299*u**3 + 2*u**2 - 18*u - 20. Determine b(-1).
2299
Let w(z) = -20*z**2 - 615*z - 574. Determine w(-30).
-124
Let s(u) = 170846*u - 24089283. Determine s(141).
3
Let o(y) = -4*y**3 + 148*y**2 + 621*y - 81. What is o(-4)?
59
Let f(k) = -161*k**2 - 1254*k - 2435. Determine f(-4).
5
Let l(c) = 2*c**2 - 155*c - 2170. Calculate l(87).
-517
Let u(i) = -35*i**2 - 479*i - 1124. Determine u(-3).
-2
Let v(f) = 24*f**3 - 90*f**2 - 10*f - 21. Give v(3).
-213
Let g(a) = -a**3 + 26*a**2 + 574*a - 9623. Calculate g(13).
36
Let j(z) = 186*z**2 - 935*z + 25. Give j(5).
0
Let s(a) = -30*a**2 + 524*a + 546. Calculate s(-1).
-8
Let p(n) = -260*n**2 - 13258*n + 179. Calculate p(-51).
77
Let w(g) = 22095*g - 3778242. What is w(171)?
3
Let x(b) = 34252*b - 102749. Calculate x(3).
7
Let z(u) = -u**3 + 128*u**2 + 407*u - 2454. Give z(131).
-620
Let x(g) = 40*g**2 - 6516*g + 19181. Give x(3).
-7
Let s(u) = -2*u**2 - 138*u + 451. What is s(-74)?
-289
Let n(h) = 28244*h + 1892182. Calculate n(-67).
-166
Let l(c) = -c**3 + 81*c**2 + 157*c - 258. Determine l(83).
-1005
Let h(c) = c**2 + 1986*c - 23909. What is h(12)?
67
Let c(b) = 106*b**2 + 8886*b - 1504. Calculate c(-84).
8
Let g(t) = t**2 + 1410*t + 33425. Calculate g(-24).
161
Let s(p) = p**2 + 477*p - 22685. Determine s(-521).
239
Let x(l) = -20588*l - 103174. Calculate x(-5).
-234
Let h(z) = 12266*z + 49070. Give h(-4).
6
Let v(g) = 9207*g - 18999. Determine v(2).
-585
Let z(g) = 33*g**2 + 1386*g + 12377. What is z(-9)?
2576
Let a(g) = g**3 + 26*g**2 - 26215*g - 707108. Determine a(-27).
-32
Let x(g) = -5843*g - 40922. What is x(-7)?
-21
Let g(q) = -4*q**2 - 476*q + 60390. Give g(77).
22
Let o(w) = -11211*w - 67312. What is o(-6)?
-46
Let k(p) = -44*p**3 - 31943*p**2 + 723*p - 2001. Calculate k(-726).
177
Let g(z) = 3594*z + 64644. What is g(-18)?
-48
Let a(t) = 24681*t + 3331984. Give a(-135).
49
Let p(n) = -17397*n + 365333. Give p(21).
-4
Let b(j) = 20384*j**2 - 40766*j - 2. Determine b(2).
2
Let t(q) = -244*q**2 - 684*q + 191. Calculate t(-3).
47
Let o(q) = -825*q**2 - 707*q - 1413. What is o(-2)?
-3299
Let k(g) = -5*g**2 - 126*g - 1037. What is k(-13)?
-244
Let j(x) = -4*x**3 - 105*x**2 - 74*x + 1162. Determine j(-25).
-113
Let h(v) = -2045*v**2 + 7772*v - 32. Determine h(4).
-1664
Let c(g) = g**2 - 33*g - 18664. Calculate c(154).
-30
Let j(i) = -207*i - 1444. Give j(-8).
212
Let a(j) = 7401*j + 6756. Determine a(-1).
-645
Let o(d) = -269*d - 1713. Give o(-5).
-368
Let k(l) = -13218*l - 26524. Give k(-2).
-88
Let v(u) = -10*u**2 - 955*u + 652. Give v(-93).
2977
Let g(i) = 6493*i + 6352. Determine g(-1).
-141
Let r(m) = 4*m**3 - 494*m**2 - 4979*m + 37. Determine r(-10).
-3573
Let q(j) = j**2 + 29427*j - 117730. Determine q(4).
-6
Let v(z) = 22142*z - 66430. Determine v(3).
-4
Let i(n) = 66*n**2 - 8615*n - 17490. Give i(-2).
4
Let v(a) = -29*a**2 + 2*a + 256. Give v(-3).
-11
Let o(s) = 2*s**2 + 6272*s - 81528. Give o(13).
346
Let v(i) = -35*i**2 - 13601*i + 88486. Give v(-395).
6
Let v(k) = 2*k**3 + 863*k**2 - 18521*k + 4966. What is v(-452)?
-6
Let g(q) = q**3 + 136*q**2 + 1242*q - 2257. What is g(-126)?
11
Let l(u) = -338*u + 4029. Calculate l(11).
311
Let v(r) = -5*r**2 + 55*r + 1066. Give v(-13).
-494
Let k(b) = 58644*b + 293277. Calculate k(-5).
57
Let c(n) = n**3 + 342*n**2 - 1462*n + 283. What is c(4)?
-29
Let k(d) = 2955*d - 53194. What is k(18)?
-4
Let m(p) = 16*p**2 - 144*p + 367. Determine m(4).
47
Let r(u) = -31*u**3 - 164*u**2 + 34*u + 374. Calculate r(-5).
-21
Let n(f) = -348*f**3 + 293*f**2 - 11*f + 12. Determine n(1).
-54
Let n(g) = 3*g**3 - 325*g**2 + 96*g + 1287. Determine n(108).
-9
Let i(j) = j**3 - 53*j**2 + 127*j + 17453. Calculate i(36).
-7
Let t(u) = -50809*u + 1371731. Determine t(27).
-112
Let b(f) = f**3 + 65*f**2 - 2761*f - 183753. Calculate b(-59).
32
Let s(l) = -70*l - 2429. What is s(-30)?
-329
Let i(a) = -6*a**2 - 41*a + 1021. Give i(10).
11
Let n(v) = -4*v**2 + 547*v + 1679. Give n(142).
-1303
Let m(z) = -z**3 - 478*z**2 + 17430*z + 11259. What is m(-512)?
-5
Let n(y) = 92*y**2 + 24472*y - 2. Determine n(-266).
-2
Let u(n) = -n**3 - 13*n**2 - 1611*n - 24719. Determine u(-15).
-104
Let t(p) = -8*p**2 + 412*p - 2076. Give t(47).
-384
Let u(b) = 431191*b + 1724767. Determine u(-4).
3
Let u(s) = 3*s**2 + 462*s + 1073. Determine u(-151).
-286
Let y(b) = 190519*b + 571597. What is y(-3)?
40
Let o(w) = 111*w**3 + 999*w**2 - 4*w + 7. Give o(-9).
43
Let r(f) = 41*f**3 + 172*f**2 - 592*f + 419. What is r(1)?
40
Let q(l) = 3950*l - 462163. Give q(117).
-13
Let n(h) = 3788*h + 3872. Give n(-1).
84
Let s(o) = -5768*o + 51925. Give s(9).
13
Let q(a) = -3*a**2 - 20057*a + 462890. Determine q(23).
-8
Let t(c) = -3594*c + 82519. Calculate t(23).
-143
Let r(f) = 4*f**2 - 174*f + 711. Determine r(45).
981
Let f(y) = -3610536*y + 79431793. Calculate f(22).
1
Let g(m) = 167801*m - 1845885. Give g(11).
-74
Let i(m) = -1271*m + 327897. Give i(258).
-21
Let c(f) = 6*f**2 + 36*f - 100. Determine c(-20).
1580
Let m(u) = -3*u**3 + 139*u**2 + 32670*u - 5215. What is m(130)?
-15
Let v(y) = 2*y**2 + 145*y + 1898. Calculate v(-57).
131
Let n(c) = -426*c**2 + 444*c + 29. What is n(1)?
47
Let b(g) = 2587*g + 1169315. Give b(-452).
-9
Let i(d) = -d**3 - 181*d**2 + 101*d - 14669. Determine i(-182).
73
Let s(o) = 36*o**3 + 11*o**2 - 9*o - 23. Give s(-3).
-869
Let z(t) = -8*t - 347. What is z(-45)?
13
Let j(c) = 136*c**2 - 561*c + 67. Determine j(4).
-1
Let c(f) = -21*f - 173. What is c(-5)?
-68
Let a(w) = -280105*w - 560194. Calculate a(-2).
16
Let p(r) = 19121*r + 95605. Give p(-5).
0
Let u(o) = o**2 - 251*o + 15031. Calculate u(143).
-413
Let c(w) = -5*w**2 - 1201*w - 4729. What is c(-4)?
-5
Let n(d) = -156100*d - 1404921. Calculate n(-9).
-21
Let g(p) = -3*p**3 + 52*p**2 + 1053*p - 18171. What is g(17)?
19
Let n(q) = 4*q**3 - 22*q**2 - 32*q - 5. What is n(-3)?
-215
Let k(l) = -49*l**2 + 539*l + 225. Calculate k(11).
225
Let m(x) = x**2 - 620*x + 83499. Determine m(198).
-57
Let i(u) = -6628*u - 483875. What is i(-73)?
-31
Let v(d) = 4*d**2 - 23966*d - 989320. Determine v(-41).
10
Let p(b) = 82*b**2 - 386*b + 1148. Give p(3).
728
Let d(b) = -3*b**2 + 321*b + 673. What is d(-2)?
19
Let a(m) = -m**2 - 8696*m + 60900. What is a(7)?
-21
Let g(s) = 3447*s - 251905. Determine g(73).
-274
Let c(q) = -7*q**3 - 133*q**2 - 128*q - 79. Calculate c(-18).
-43
Let i(a) = 11443*a - 34335. Calculate i(3).
-6
Let l(v) = 16*v**2 + 50640*v - 610010. Determine l(12).
-26
Let d(v) = 10*v**2 - 759*v - 7654. Calculate d(-9).
-13
Let x(k) = -941*k - 8042. Calculate x(-8).
-514
Let p(x) = x**3 + 56*x**2 + 163*x + 9713. Determine p(-56).
585
Let h(r) = 1326*r + 10331. Give h(-8).
-277
Let h(j) = 21*j**3 - 565*j**2 - 53*j + 23. What is h(27)?
50
Let x(v) = -5*v**2 + 71*v - 597. Give x(8).
-349
Let u(g) = -697*g**2 - 67616*g - 668. Calculate u(-97).
11
Let h(n) = -4074*n - 20399. Give h(-5).
-29
Let s(p) = -6*p**3 - 310*p**2 + 3704*p - 52. What is s(10)?
-12
Let o(a) = 272*a - 45166. What is o(163)?
-830
Let l(k) = 4*k**2 + 1117*k + 76988. What is l(-124)?
-16
Let f(q) = -7*q**2 + 1274*q - 532. What is f(180)?
1988
Let x(q) = -q**2 - 28080*q + 12954438. Calculate x(454).
2
Let o(t) = 2655*t**2 + 29201*t + 5. Determine o(-11).
49
Let n(o) = -6*o**3 - 175*o**2 - 1247*o - 2951. What is n(-20)?
-11
Let c(z) = -166*z + 15057. Give c(90).
117
Let u(f) = -f**3 - 19*f**2 - 1870*f - 5472. Give u(-3).
-6
Let j(o) = -160*o - 23192. What is j(-140)?
-792
Let w(g) = 169289*g - 1354381. What is w(8)?
-69
Let t(n) = -4*n**2 - 975*n + 63262. Give t(-297).
1
Let r(m) = -2*m**3 + 154*m**2 - 468*m + 32. Calculate r(74).
-1744
Let j(f) = 669*f**2 + 6189*f - 5001. Calculate j(-10).
9
Let f(y) = 450*y**2 + 175044*y - 2330. Give f(-389).
4
Let t(f) = 856*f - 12413. Calculate t(14).
-429
Let k(s) = s**3 + 9*s**2 + 91*s - 22. Determine k(-8).
-686
Let h(z) = z**2 + 1797*z + 218259. Calculate h(-131).
13
Let p(t) = -2*t**3 -